{"id":1492,"date":"2021-10-02T12:56:15","date_gmt":"2021-10-02T17:56:15","guid":{"rendered":"https:\/\/lightsteelblue-rail-268728.hostingersite.com\/?page_id=1492"},"modified":"2024-05-20T19:29:08","modified_gmt":"2024-05-21T01:29:08","slug":"legales","status":"publish","type":"page","link":"https:\/\/lavendi.space\/estrublocknuevo\/legales","title":{"rendered":"Legales"},"content":{"rendered":"<style>.kb-row-layout-wrap.wp-block-kadence-rowlayout.kb-row-layout-id1492_c8e2eb-4d{margin-bottom:0px;}.kb-row-layout-id1492_c8e2eb-4d > .kt-row-column-wrap{align-content:start;}:where(.kb-row-layout-id1492_c8e2eb-4d > .kt-row-column-wrap) > .wp-block-kadence-column{justify-content:start;}.kb-row-layout-id1492_c8e2eb-4d > .kt-row-column-wrap{column-gap:var(--global-kb-gap-md, 2rem);row-gap:var(--global-kb-gap-md, 2rem);padding-top:25px;padding-right:50px;padding-bottom:25px;padding-left:50px;grid-template-columns:minmax(0, 1fr);}.kb-row-layout-id1492_c8e2eb-4d > .kt-row-layout-overlay{opacity:0.30;}.kb-row-layout-id1492_c8e2eb-4d .kt-row-layout-bottom-sep{height:100px;}.kb-row-layout-id1492_c8e2eb-4d .kt-row-layout-bottom-sep svg{width:100%;}.kb-row-layout-id1492_c8e2eb-4d .kt-row-layout-bottom-sep svg{fill:#ffffff!important;}@media all and (max-width: 1024px){.kb-row-layout-id1492_c8e2eb-4d > .kt-row-column-wrap{grid-template-columns:minmax(0, 1fr);}}@media all and (max-width: 1024px){.kb-row-layout-id1492_c8e2eb-4d .kt-row-layout-bottom-sep{height:px;}}@media all and (max-width: 1024px){.kb-row-layout-id1492_c8e2eb-4d .kt-row-layout-bottom-sep svg{width:%;}}@media all and (max-width: 767px){.kb-row-layout-id1492_c8e2eb-4d > .kt-row-column-wrap{grid-template-columns:minmax(0, 1fr);}.kb-row-layout-id1492_c8e2eb-4d .kt-row-layout-bottom-sep{height:px;}.kb-row-layout-id1492_c8e2eb-4d .kt-row-layout-bottom-sep svg{width:%;}}<\/style><div class=\"kb-row-layout-wrap kb-row-layout-id1492_c8e2eb-4d alignnone wp-block-kadence-rowlayout\"><div class=\"kt-row-column-wrap kt-has-1-columns kt-row-layout-equal kt-tab-layout-inherit kt-mobile-layout-row kt-row-valign-top\">\n<style>.kadence-column1492_608e51-73 > .kt-inside-inner-col,.kadence-column1492_608e51-73 > .kt-inside-inner-col:before{border-top-left-radius:0px;border-top-right-radius:0px;border-bottom-right-radius:0px;border-bottom-left-radius:0px;}.kadence-column1492_608e51-73 > .kt-inside-inner-col{column-gap:var(--global-kb-gap-sm, 1rem);}.kadence-column1492_608e51-73 > .kt-inside-inner-col{flex-direction:column;}.kadence-column1492_608e51-73 > .kt-inside-inner-col > .aligncenter{width:100%;}.kadence-column1492_608e51-73 > .kt-inside-inner-col:before{opacity:0.3;}.kadence-column1492_608e51-73{position:relative;}@media all and (max-width: 1024px){.kadence-column1492_608e51-73 > .kt-inside-inner-col{flex-direction:column;justify-content:center;}}@media all and (max-width: 767px){.kadence-column1492_608e51-73 > .kt-inside-inner-col{flex-direction:column;justify-content:center;}}<\/style>\n<div class=\"wp-block-kadence-column kadence-column1492_608e51-73\" id=\"privacidad\"><div class=\"kt-inside-inner-col\"><p><strong>Pol\u00edtica de Privacidad de Gecko Electronics<\/strong><\/p>\n\n<p>En Gecko Electronics, respetamos tu privacidad y estamos comprometidos con la protecci\u00f3n de tus datos personales. Esta pol\u00edtica explica c\u00f3mo recopilamos, usamos y protegemos la informaci\u00f3n de nuestros clientes:<\/p>\n\n<ol class=\"wp-block-list\"><li><strong>Recopilaci\u00f3n de Informaci\u00f3n<\/strong>: Recopilamos datos personales necesarios para procesar tus compras, como tu nombre, direcci\u00f3n, y detalles de contacto.<\/li>\n\n<li><strong>Uso de la Informaci\u00f3n<\/strong>: Utilizamos tu informaci\u00f3n para gestionar pedidos, mejorar nuestros servicios y comunicarnos contigo sobre nuestros productos.<\/li>\n\n<li><strong>Protecci\u00f3n de la Informaci\u00f3n<\/strong>: Aplicamos medidas de seguridad robustas para proteger tus datos personales de accesos no autorizados.<\/li>\n\n<li><strong>Compartir Informaci\u00f3n<\/strong>: Solo compartimos tu informaci\u00f3n con terceros necesarios para completar tus transacciones y cuando lo requieren las leyes aplicables.<\/li>\n\n<li><strong>Acceso y Control de tu Informaci\u00f3n<\/strong>: Tienes derecho a acceder, corregir o eliminar tus datos personales en cualquier momento.<\/li>\n\n<li><strong>Cambios en la Pol\u00edtica<\/strong>: Nos reservamos el derecho de modificar esta pol\u00edtica. Publicaremos cualquier cambio en nuestro sitio web para mantenerte informado.<\/li><\/ol>\n\n<p>Para m\u00e1s detalles o consultas, no dudes en contactarnos a trav\u00e9s de nuestra secci\u00f3n de contacto.<\/p><\/div><\/div>\n\n<style>.kadence-column1492_52298d-73 > .kt-inside-inner-col,.kadence-column1492_52298d-73 > .kt-inside-inner-col:before{border-top-left-radius:0px;border-top-right-radius:0px;border-bottom-right-radius:0px;border-bottom-left-radius:0px;}.kadence-column1492_52298d-73 > .kt-inside-inner-col{column-gap:var(--global-kb-gap-sm, 1rem);}.kadence-column1492_52298d-73 > .kt-inside-inner-col{flex-direction:column;}.kadence-column1492_52298d-73 > .kt-inside-inner-col > .aligncenter{width:100%;}.kadence-column1492_52298d-73 > .kt-inside-inner-col:before{opacity:0.3;}.kadence-column1492_52298d-73{position:relative;}@media all and (max-width: 1024px){.kadence-column1492_52298d-73 > .kt-inside-inner-col{flex-direction:column;justify-content:center;}}@media all and (max-width: 767px){.kadence-column1492_52298d-73 > .kt-inside-inner-col{flex-direction:column;justify-content:center;}}<\/style>\n<div class=\"wp-block-kadence-column kadence-column1492_52298d-73\" id=\"garantia\"><div class=\"kt-inside-inner-col\"><p><strong>Pol\u00edtica de Garant\u00eda de Gecko Electronics<\/strong><\/p>\n\n<p>Gecko Electronics se compromete a proporcionar productos de alta calidad. Nuestra pol\u00edtica de garant\u00eda incluye:<\/p>\n\n<ol class=\"wp-block-list\"><li><strong>Cobertura de Garant\u00eda<\/strong>: Ofrecemos una garant\u00eda limitada que cubre defectos de fabricaci\u00f3n por un per\u00edodo de 60 d\u00edas desde la fecha de compra.<\/li>\n\n<li><strong>Reclamos de Garant\u00eda<\/strong>: Para hacer un reclamo de garant\u00eda, debes presentar el comprobante de compra y describir el problema. Nosotros evaluaremos el caso y determinaremos si el problema est\u00e1 cubierto por nuestra garant\u00eda.<\/li>\n\n<li><strong>Reparaci\u00f3n o Reemplazo<\/strong>: Si tu producto califica para garant\u00eda, ser\u00e1 reparado o reemplazado sin costo adicional, seg\u00fan lo determinado por nuestro servicio t\u00e9cnico.<\/li>\n\n<li><strong>Exclusiones de Garant\u00eda<\/strong>: Da\u00f1os causados por uso indebido, accidentes, modificaciones o reparaciones no autorizadas no est\u00e1n cubiertos.<\/li>\n\n<li><strong>Soporte y Consultas<\/strong>: Para cualquier duda o para iniciar un proceso de garant\u00eda, contacta a nuestro servicio de atenci\u00f3n al cliente.<\/li><\/ol>\n\n<p>Esta pol\u00edtica garantiza que tus compras con Gecko Electronics est\u00e1n protegidas, asegurando tu completa satisfacci\u00f3n y confianza en nuestros productos<\/p><\/div><\/div>\n<\/div><\/div>","protected":false},"excerpt":{"rendered":"<p>Pol\u00edtica de Privacidad de Gecko Electronics En Gecko Electronics, respetamos tu privacidad y estamos comprometidos con la protecci\u00f3n de tus datos personales. Esta pol\u00edtica explica &#8230; <\/p>\n<p class=\"read-more-container\"><a title=\"Legales\" class=\"read-more button\" href=\"https:\/\/lavendi.space\/estrublocknuevo\/legales#more-1492\" aria-label=\"Leer m\u00e1s sobre Legales\">Leer m\u00e1s<\/a><\/p>\n","protected":false},"author":69,"featured_media":0,"parent":0,"menu_order":0,"comment_status":"closed","ping_status":"closed","template":"","meta":{"_kad_blocks_custom_css":"","_kad_blocks_head_custom_js":"","_kad_blocks_body_custom_js":"","_kad_blocks_footer_custom_js":"","_joinchat":[],"footnotes":""},"class_list":{"0":"post-1492","1":"page","2":"type-page","3":"status-publish","5":"no-featured-image-padding"},"taxonomy_info":[],"featured_image_src_large":false,"author_info":{"display_name":"aejandro.moreno@lavendi.mx","author_link":"https:\/\/lavendi.space\/estrublocknuevo\/author\/aejandro-morenolavendi-mx"},"comment_info":0,"_links":{"self":[{"href":"https:\/\/lavendi.space\/estrublocknuevo\/wp-json\/wp\/v2\/pages\/1492","targetHints":{"allow":["GET"]}}],"collection":[{"href":"https:\/\/lavendi.space\/estrublocknuevo\/wp-json\/wp\/v2\/pages"}],"about":[{"href":"https:\/\/lavendi.space\/estrublocknuevo\/wp-json\/wp\/v2\/types\/page"}],"author":[{"embeddable":true,"href":"https:\/\/lavendi.space\/estrublocknuevo\/wp-json\/wp\/v2\/users\/69"}],"replies":[{"embeddable":true,"href":"https:\/\/lavendi.space\/estrublocknuevo\/wp-json\/wp\/v2\/comments?post=1492"}],"version-history":[{"count":0,"href":"https:\/\/lavendi.space\/estrublocknuevo\/wp-json\/wp\/v2\/pages\/1492\/revisions"}],"wp:attachment":[{"href":"https:\/\/lavendi.space\/estrublocknuevo\/wp-json\/wp\/v2\/media?parent=1492"}],"curies":[{"name":"wp","href":"https:\/\/api.w.org\/{rel}","templated":true}]}}